{"id":25768,"date":"2020-02-26T12:10:46","date_gmt":"2020-02-26T11:10:46","guid":{"rendered":"http:\/\/tzzetjt.cluster026.hosting.ovh.net\/?page_id=25768"},"modified":"2024-10-18T17:04:47","modified_gmt":"2024-10-18T15:04:47","slug":"yoga-3","status":"publish","type":"page","link":"https:\/\/www.retraitesportivesaves.fr\/index.php\/yoga-3\/","title":{"rendered":"Yoga"},"content":{"rendered":"\n<p class=\"has-vivid-cyan-blue-color has-text-color\"><strong>Le mardi <\/strong>de 16h \u00e0 17h30.&nbsp;Salle des f\u00eates de Samatan<\/p>\n\n\n\n<p><\/p>\n\n\n\n<p>Cours toutes les semaines de d\u00e9but octobre \u00e0 fin juin , sauf jours f\u00e9ri\u00e9s et une partie des vacances scolaires.<\/p>\n\n\n<div class=\"wp-block-image\">\n<figure class=\"alignright size-large is-resized\"><img loading=\"lazy\" decoding=\"async\" width=\"212\" height=\"238\" src=\"https:\/\/www.retraitesportivesaves.fr\/wp-content\/uploads\/2020\/02\/yoga.png\" alt=\"\" class=\"wp-image-26029\" style=\"width:162px;height:182px\"\/><\/figure><\/div>\n\n\n<p>Ces s\u00e9ances de yoga, sp\u00e9cialement adapt\u00e9es pour les seniors, sont dispens\u00e9es par un professeur ext\u00e9rieur r\u00e9mun\u00e9r\u00e9.<br>Il s&rsquo;agit d&rsquo;une activit\u00e9 optionnelle pour laquelle une&nbsp;cotisation annuelle compl\u00e9mentaire  est demand\u00e9e.&nbsp;<\/p>\n\n\n\n<p class=\"has-text-align-left\">Nombre de participants :&nbsp;18 inscrits minimum pour le maintien du cours.<\/p>\n\n\n\n<p>Apportez votre tapis, une couverture, vos briques, vos sangles et votre bolster.<br>Adoptez une tenue souple, v\u00eatements amples et non serr\u00e9s, pieds nus.&nbsp; <\/p>\n\n\n\n<p class=\"has-text-align-right has-luminous-vivid-orange-color has-text-color\">&nbsp;<br><strong>R\u00e9f\u00e9rent : Colette  06 75 78 66 48<\/strong>  <\/p>\n\n\n\n<p><em><strong>Bienfaits :<\/strong>&nbsp;<br>II tonifie&nbsp;votre corps et am\u00e9liore votre souplesse. Le yoga associe des bienfaits d&rsquo;ordre physique, mental, \u00e9motionnel, philosophique et spirituel. C&rsquo;est&nbsp;une discipline qui m\u00eale&nbsp;exercices physiques, exercices respiratoires, exercices de concentration \/ m\u00e9ditation. En pratiquant les postures, vous allez aussi renforcer vos muscles, y compris vos muscles profonds. Il va vous rendre plus fort&nbsp;physiquement et mentalement. En quelque sorte, il&nbsp;soigne, \u00e9nerg\u00e9tise, \u00e9tire et aligne le corps. Il ouvre le c\u0153ur et d\u00e9veloppe l&rsquo;esprit, \u00e9claircit et calme le mental&nbsp;et cultive relaxation et acceptation de soi.<\/em><\/p>\n\n\n<p style=\"text-align: right;\"><a href=\"https:\/\/www.retraitesportivesaves.fr\/index.php\/page-d-exemple\/\" rel=\"noopener noreferrer\"><img loading=\"lazy\" decoding=\"async\" class=\"alignnone wp-image-26691\" src=\"https:\/\/www.retraitesportivesaves.fr\/wp-content\/uploads\/2020\/03\/page-precedente-orange_lmresized_1-300x150.png\" alt=\"\" width=\"120\" height=\"60\" srcset=\"https:\/\/www.retraitesportivesaves.fr\/wp-content\/uploads\/2020\/03\/page-precedente-orange_lmresized_1-300x150.png 300w, https:\/\/www.retraitesportivesaves.fr\/wp-content\/uploads\/2020\/03\/page-precedente-orange_lmresized_1.png 480w\" sizes=\"(max-width: 120px) 100vw, 120px\" \/><\/a><\/p>\n<p><!--EndFragment--><\/p>","protected":false},"excerpt":{"rendered":"<p>Le mardi de 16h \u00e0 17h30.&nbsp;Salle des f\u00eates de Samatan Cours toutes les semaines de d\u00e9but octobre \u00e0 fin juin , sauf jours f\u00e9ri\u00e9s et une partie des vacances scolaires. Ces s\u00e9ances de yoga, sp\u00e9cialement adapt\u00e9es pour les seniors, sont dispens\u00e9es par un professeur ext\u00e9rieur r\u00e9mun\u00e9r\u00e9.Il s&rsquo;agit d&rsquo;une activit\u00e9 optionnelle pour laquelle une&nbsp;cotisation annuelle compl\u00e9mentaire &hellip;<\/p>\n<p class=\"read-more\"> <a class=\"\" href=\"https:\/\/www.retraitesportivesaves.fr\/index.php\/yoga-3\/\"> <span class=\"screen-reader-text\">Yoga<\/span> Lire la suite\u00a0\u00bb<\/a><\/p>\n","protected":false},"author":1,"featured_media":0,"parent":0,"menu_order":0,"comment_status":"closed","ping_status":"closed","template":"","meta":{"_monsterinsights_skip_tracking":false,"_monsterinsights_sitenote_active":false,"_monsterinsights_sitenote_note":"","_monsterinsights_sitenote_category":0,"footnotes":""},"uagb_featured_image_src":{"full":false,"thumbnail":false,"medium":false,"medium_large":false,"large":false,"1536x1536":false,"2048x2048":false},"uagb_author_info":{"display_name":"admin9078","author_link":"https:\/\/www.retraitesportivesaves.fr\/index.php\/author\/admin9078\/"},"uagb_comment_info":0,"uagb_excerpt":"Le mardi de 16h \u00e0 17h30.&nbsp;Salle des f\u00eates de Samatan Cours toutes les semaines de d\u00e9but octobre \u00e0 fin juin , sauf jours f\u00e9ri\u00e9s et une partie des vacances scolaires. Ces s\u00e9ances de yoga, sp\u00e9cialement adapt\u00e9es pour les seniors, sont dispens\u00e9es par un professeur ext\u00e9rieur r\u00e9mun\u00e9r\u00e9.Il s&rsquo;agit d&rsquo;une activit\u00e9 optionnelle pour laquelle une&nbsp;cotisation annuelle compl\u00e9mentaire\u2026","_links":{"self":[{"href":"https:\/\/www.retraitesportivesaves.fr\/index.php\/wp-json\/wp\/v2\/pages\/25768"}],"collection":[{"href":"https:\/\/www.retraitesportivesaves.fr\/index.php\/wp-json\/wp\/v2\/pages"}],"about":[{"href":"https:\/\/www.retraitesportivesaves.fr\/index.php\/wp-json\/wp\/v2\/types\/page"}],"author":[{"embeddable":true,"href":"https:\/\/www.retraitesportivesaves.fr\/index.php\/wp-json\/wp\/v2\/users\/1"}],"replies":[{"embeddable":true,"href":"https:\/\/www.retraitesportivesaves.fr\/index.php\/wp-json\/wp\/v2\/comments?post=25768"}],"version-history":[{"count":36,"href":"https:\/\/www.retraitesportivesaves.fr\/index.php\/wp-json\/wp\/v2\/pages\/25768\/revisions"}],"predecessor-version":[{"id":31906,"href":"https:\/\/www.retraitesportivesaves.fr\/index.php\/wp-json\/wp\/v2\/pages\/25768\/revisions\/31906"}],"wp:attachment":[{"href":"https:\/\/www.retraitesportivesaves.fr\/index.php\/wp-json\/wp\/v2\/media?parent=25768"}],"curies":[{"name":"wp","href":"https:\/\/api.w.org\/{rel}","templated":true}]}}

<p class="has-vivid-cyan-blue-color has-text-color"><strong>Le mardi </strong>de 16h à 17h30.&nbsp;Salle des fêtes de Samatan</p>



<p></p>



<p>Cours toutes les semaines de début octobre à fin juin , sauf jours fériés et une partie des vacances scolaires.</p>


<div class="wp-block-image">
<figure class="alignright size-large is-resized"><img loading="lazy" decoding="async" width="212" height="238" src="https://www.retraitesportivesaves.fr/wp-content/uploads/2020/02/yoga.png" alt="" class="wp-image-26029" style="width:162px;height:182px"/></figure></div>


<p>Ces séances de yoga, spécialement adaptées pour les seniors, sont dispensées par un professeur extérieur rémunéré.<br>Il s&rsquo;agit d&rsquo;une activité optionnelle pour laquelle une&nbsp;cotisation annuelle complémentaire  est demandée.&nbsp;</p>



<p class="has-text-align-left">Nombre de participants :&nbsp;18 inscrits minimum pour le maintien du cours.</p>



<p>Apportez votre tapis, une couverture, vos briques, vos sangles et votre bolster.<br>Adoptez une tenue souple, vêtements amples et non serrés, pieds nus.&nbsp; </p>



<p class="has-text-align-right has-luminous-vivid-orange-color has-text-color">&nbsp;<br><strong>Référent : Colette  06 75 78 66 48</strong>  </p>



<p><em><strong>Bienfaits :</strong>&nbsp;<br>II tonifie&nbsp;votre corps et améliore votre souplesse. Le yoga associe des bienfaits d&rsquo;ordre physique, mental, émotionnel, philosophique et spirituel. C&rsquo;est&nbsp;une discipline qui mêle&nbsp;exercices physiques, exercices respiratoires, exercices de concentration / méditation. En pratiquant les postures, vous allez aussi renforcer vos muscles, y compris vos muscles profonds. Il va vous rendre plus fort&nbsp;physiquement et mentalement. En quelque sorte, il&nbsp;soigne, énergétise, étire et aligne le corps. Il ouvre le cœur et développe l&rsquo;esprit, éclaircit et calme le mental&nbsp;et cultive relaxation et acceptation de soi.</em></p>


<p style="text-align: right;"><a href="https://www.retraitesportivesaves.fr/index.php/page-d-exemple/" rel="noopener noreferrer"><img loading="lazy" decoding="async" class="alignnone wp-image-26691" src="https://www.retraitesportivesaves.fr/wp-content/uploads/2020/03/page-precedente-orange_lmresized_1-300x150.png" alt="" width="120" height="60" srcset="https://www.retraitesportivesaves.fr/wp-content/uploads/2020/03/page-precedente-orange_lmresized_1-300x150.png 300w, https://www.retraitesportivesaves.fr/wp-content/uploads/2020/03/page-precedente-orange_lmresized_1.png 480w" sizes="(max-width: 120px) 100vw, 120px" /></a></p>
<p><!--EndFragment--></p>

<p>Le mardi de 16h à 17h30.&nbsp;Salle des fêtes de Samatan Cours toutes les semaines de début octobre à fin juin , sauf jours fériés et une partie des vacances scolaires. Ces séances de yoga, spécialement adaptées pour les seniors, sont dispensées par un professeur extérieur rémunéré.Il s&rsquo;agit d&rsquo;une activité optionnelle pour laquelle une&nbsp;cotisation annuelle complémentaire &hellip;</p>
<p class="read-more"> <a class="" href="https://www.retraitesportivesaves.fr/index.php/yoga-3/"> <span class="screen-reader-text">Yoga</span> Lire la suite »</a></p>

Le mardi de 16h à 17h30.&nbsp;Salle des fêtes de Samatan Cours toutes les semaines de début octobre à fin juin , sauf jours fériés et une partie des vacances scolaires. Ces séances de yoga, spécialement adaptées pour les seniors, sont dispensées par un professeur extérieur rémunéré.Il s&rsquo;agit d&rsquo;une activité optionnelle pour laquelle une&nbsp;cotisation annuelle complémentaire…
