{"id":26045,"date":"2020-02-29T17:13:37","date_gmt":"2020-02-29T16:13:37","guid":{"rendered":"http:\/\/tzzetjt.cluster026.hosting.ovh.net\/?page_id=26045"},"modified":"2026-02-19T17:50:44","modified_gmt":"2026-02-19T16:50:44","slug":"randonnee-en-plaine-2","status":"publish","type":"page","link":"https:\/\/www.retraitesportivesaves.fr\/index.php\/randonnee-en-plaine-2\/","title":{"rendered":"Randonn\u00e9e en plaine"},"content":{"rendered":"\n<p class=\"has-vivid-cyan-blue-color has-text-color\"><strong>Tous les<\/strong>&nbsp;<strong>mardis &nbsp;autour de 9h <\/strong>sur le lieu de d\u00e9part du circuit.&nbsp;Rendez-vous pr\u00e9alable possible au parking du lac de Samatan.<\/p>\n\n\n\n<p class=\"has-very-dark-gray-color has-text-color\">Ces sorties sont encadr\u00e9es par des <strong>animateurs b\u00e9n\u00e9voles<\/strong> du club.<\/p>\n\n\n<div class=\"wp-block-image\">\n<figure class=\"alignright size-large is-resized\"><img loading=\"lazy\" decoding=\"async\" width=\"277\" height=\"300\" src=\"https:\/\/www.retraitesportivesaves.fr\/wp-content\/uploads\/2020\/02\/randonnee_EVW_132C.jpg\" alt=\"\" class=\"wp-image-26030\" style=\"width:174px;height:188px\"\/><\/figure><\/div>\n\n\n<p>Vous d\u00e9couvrirez des parcours autour de\u00a0Samatan et des environs (8 \u00e0 10 km en moyenne \/ dur\u00e9e 2h\/2h30). De\u00a0de temps en temps, des circuits de 12\/14km ne sont pas \u00e0 exclure.\u00a0Un planning est \u00e9tabli suffisamment t\u00f4t pour informer les participants des lieux et horaires (Disponible<strong><a href=\"https:\/\/www.retraitesportivesaves.fr\/wp-content\/uploads\/2026\/01\/TRACT-RANDO-5-V3-2026.pdf\" target=\"_blank\" rel=\"noreferrer noopener\">\u00a0ICI<\/a><\/strong> et dans la page \u00ab\u00a0Flash Infos\u00a0\u00bb). En cas de modification de derni\u00e8re minute, une information paraitra dans la page \u00ab\u00a0<strong>Flash infos\u00a0\u00bb  DERNIERE MINUTE<\/strong>.<\/p>\n\n\n\n<p>Les circuits d\u00e9localis\u00e9s ne seront jamais distants de plus de 30 km&nbsp;de Samatan. Un rendez-vous est toujours pr\u00e9vu au lac, avec covoiturage sous la responsabilit\u00e9 des participants.<\/p>\n\n\n\n<p class=\"has-vivid-red-color has-text-color\"><strong>COVOITURAGE :<\/strong> pendant la crise sanitaire, respecter les modalit\u00e9s et les gestes barri\u00e8res impos\u00e9s. Dans toutes circonstances, il s\u2019effectue sous la responsabilit\u00e9 civile et p\u00e9nale du conducteur.<\/p>\n\n\n\n<p>Pour votre s\u00e9curit\u00e9 et celle du groupe merci de lire la <strong><a href=\"https:\/\/www.retraitesportivesaves.fr\/wp-content\/uploads\/2024\/09\/CHARTE-CRSS-DE-LA-RANDONNEE_2024.pdf\" target=\"_blank\" rel=\"noreferrer noopener\">CHARTE du RANDONNEUR&nbsp;<\/a><\/strong><\/p>\n\n\n\n<p><br><strong><em>Bienfaits :<\/em><\/strong><br><em>La marche c&rsquo;est le pied ! Ce n&rsquo;est que du plaisir et des bienfaits innombrables.&nbsp;Outre, de d\u00e9couvrir la nature, elle permet de conna\u00eetre son corps. Elle est b\u00e9n\u00e9fique aux personnes souffrant d&rsquo;ost\u00e9oporose et d\u00e9veloppe les capacit\u00e9s respiratoires. Elle fait travailler le c\u0153ur et les muscles en douceur. Elle am\u00e9liore la circulation sanguine. Elle efface le stress. La liste est longue&#8230;, mais surtout, elle cr\u00e9e des instants de convivialit\u00e9 et d&rsquo;\u00e9changes.<\/em><\/p>\n\n\n\n<p><strong><a rel=\"noreferrer noopener\" aria-label=\"CHARTE du RANDONNEUR&nbsp; &nbsp; &nbsp; &nbsp; &nbsp; &nbsp; &nbsp; &nbsp; &nbsp; &nbsp; &nbsp; &nbsp; &nbsp; &nbsp; &nbsp; &nbsp; &nbsp; &nbsp; &nbsp; &nbsp; &nbsp; &nbsp;&nbsp; (s\u2019ouvre dans un nouvel onglet)\" href=\"https:\/\/www.retraitesportivesaves.fr\/wp-content\/uploads\/2022\/07\/CHARTE-CRSS-RANDONNEE-2022-2023..pdf\" target=\"_blank\">&nbsp; &nbsp; &nbsp; &nbsp; &nbsp; &nbsp; &nbsp; &nbsp; &nbsp; &nbsp; &nbsp; &nbsp; &nbsp; &nbsp; &nbsp; &nbsp; &nbsp;&nbsp;<\/a><\/strong><\/p>\n\n\n\n<p class=\"has-text-align-right has-luminous-vivid-orange-color has-text-color\"><strong>R\u00e9f\u00e9rent : <\/strong> <strong>Colette 06 75 78 66 48<\/strong> <strong>&nbsp;<\/strong><\/p>\n\n\n<div class=\"wp-block-image\">\n<figure class=\"alignright size-large is-resized\"><a href=\"https:\/\/www.retraitesportivesaves.fr\/index.php\/page-d-exemple\/\"><img loading=\"lazy\" decoding=\"async\" width=\"480\" height=\"240\" src=\"https:\/\/www.retraitesportivesaves.fr\/wp-content\/uploads\/2020\/03\/page-precedente-orange_lmresized_1.png\" alt=\"\" class=\"wp-image-26691\" style=\"width:114px;height:57px\" srcset=\"https:\/\/www.retraitesportivesaves.fr\/wp-content\/uploads\/2020\/03\/page-precedente-orange_lmresized_1.png 480w, https:\/\/www.retraitesportivesaves.fr\/wp-content\/uploads\/2020\/03\/page-precedente-orange_lmresized_1-300x150.png 300w\" sizes=\"(max-width: 480px) 100vw, 480px\" \/><\/a><\/figure><\/div>\n\n\n<p><\/p>\n","protected":false},"excerpt":{"rendered":"<p>Tous les&nbsp;mardis &nbsp;autour de 9h sur le lieu de d\u00e9part du circuit.&nbsp;Rendez-vous pr\u00e9alable possible au parking du lac de Samatan. Ces sorties sont encadr\u00e9es par des animateurs b\u00e9n\u00e9voles du club. Vous d\u00e9couvrirez des parcours autour de\u00a0Samatan et des environs (8 \u00e0 10 km en moyenne \/ dur\u00e9e 2h\/2h30). De\u00a0de temps en temps, des circuits de &hellip;<\/p>\n<p class=\"read-more\"> <a class=\"\" href=\"https:\/\/www.retraitesportivesaves.fr\/index.php\/randonnee-en-plaine-2\/\"> <span class=\"screen-reader-text\">Randonn\u00e9e en plaine<\/span> Lire la suite\u00a0\u00bb<\/a><\/p>\n","protected":false},"author":1,"featured_media":0,"parent":0,"menu_order":0,"comment_status":"closed","ping_status":"closed","template":"","meta":{"_monsterinsights_skip_tracking":false,"_monsterinsights_sitenote_active":false,"_monsterinsights_sitenote_note":"","_monsterinsights_sitenote_category":0,"footnotes":""},"uagb_featured_image_src":{"full":false,"thumbnail":false,"medium":false,"medium_large":false,"large":false,"1536x1536":false,"2048x2048":false},"uagb_author_info":{"display_name":"admin9078","author_link":"https:\/\/www.retraitesportivesaves.fr\/index.php\/author\/admin9078\/"},"uagb_comment_info":0,"uagb_excerpt":"Tous les&nbsp;mardis &nbsp;autour de 9h sur le lieu de d\u00e9part du circuit.&nbsp;Rendez-vous pr\u00e9alable possible au parking du lac de Samatan. Ces sorties sont encadr\u00e9es par des animateurs b\u00e9n\u00e9voles du club. Vous d\u00e9couvrirez des parcours autour de\u00a0Samatan et des environs (8 \u00e0 10 km en moyenne \/ dur\u00e9e 2h\/2h30). De\u00a0de temps en temps, des circuits de\u2026","_links":{"self":[{"href":"https:\/\/www.retraitesportivesaves.fr\/index.php\/wp-json\/wp\/v2\/pages\/26045"}],"collection":[{"href":"https:\/\/www.retraitesportivesaves.fr\/index.php\/wp-json\/wp\/v2\/pages"}],"about":[{"href":"https:\/\/www.retraitesportivesaves.fr\/index.php\/wp-json\/wp\/v2\/types\/page"}],"author":[{"embeddable":true,"href":"https:\/\/www.retraitesportivesaves.fr\/index.php\/wp-json\/wp\/v2\/users\/1"}],"replies":[{"embeddable":true,"href":"https:\/\/www.retraitesportivesaves.fr\/index.php\/wp-json\/wp\/v2\/comments?post=26045"}],"version-history":[{"count":91,"href":"https:\/\/www.retraitesportivesaves.fr\/index.php\/wp-json\/wp\/v2\/pages\/26045\/revisions"}],"predecessor-version":[{"id":33441,"href":"https:\/\/www.retraitesportivesaves.fr\/index.php\/wp-json\/wp\/v2\/pages\/26045\/revisions\/33441"}],"wp:attachment":[{"href":"https:\/\/www.retraitesportivesaves.fr\/index.php\/wp-json\/wp\/v2\/media?parent=26045"}],"curies":[{"name":"wp","href":"https:\/\/api.w.org\/{rel}","templated":true}]}}