{"id":30561,"date":"2023-08-11T14:24:52","date_gmt":"2023-08-11T12:24:52","guid":{"rendered":"https:\/\/www.retraitesportivesaves.fr\/?page_id=30561"},"modified":"2025-07-01T10:15:38","modified_gmt":"2025-07-01T08:15:38","slug":"velo","status":"publish","type":"page","link":"https:\/\/www.retraitesportivesaves.fr\/index.php\/velo\/","title":{"rendered":"Activit\u00e9s cyclistes"},"content":{"rendered":"\n<div class=\"wp-block-group\"><div class=\"wp-block-group__inner-container is-layout-flow wp-block-group-is-layout-flow\">\n<p><\/p>\n\n\n\n<p class=\"has-vivid-cyan-blue-color has-text-color has-link-color wp-elements-33abfe176c4b2119dcd81e72f7ea8696\"><strong>Le vendredi<\/strong> de pr\u00e9f\u00e9rence, pas obligatoirement toutes les semaines.<\/p>\n\n\n\n<p class=\"has-vivid-cyan-blue-color has-text-color\"><strong>Le rendez-vous se fera au lac de Samatan<\/strong> m\u00eame si la sortie est d\u00e9localis\u00e9e. <br>Un mail sera syst\u00e9matiquement adress\u00e9 aux inscrits \u00e0 l&rsquo;activit\u00e9  avant la sortie pour pr\u00e9venir des caract\u00e9ristiques (jour, heure de d\u00e9part,&nbsp;distance en km, d\u00e9nivel\u00e9, lieu de d\u00e9part).<\/p>\n\n\n\n<p>Tous les types de v\u00e9lo sont accept\u00e9s pourvu qu&rsquo;ils soient en \u00e9tat et avec les \u00e9quipements obligatoires.<br>Nos sorties seront progressives au niveau des difficult\u00e9s et votre assiduit\u00e9 permettra de progresser tout au long de la saison.<br>Nos sorties se d\u00e9roulent sur des petites routes en empruntant quelquefois de bons chemins.<br>Lors de la saison derni\u00e8re, une moyenne 30 km sur les 27 sorties, certaines sorties seront pr\u00e9vues avec un pique-nique partag\u00e9.<br><br>Pour les nouveaux inscrits, ce <a href=\"https:\/\/forms.gle\/etXCN2ne71bAd8bz5\" target=\"_blank\" rel=\"noreferrer noopener\">questionnaire<\/a> doit \u00eatre compl\u00e9t\u00e9. Une s\u00e9ance de formation est obligatoire avant de pouvoir faire une sortie avec le club. Pour cette saison, 2 b\u00e9n\u00e9voles, une animatrice et un animateur FFRS vous encadreront.<\/p>\n\n\n\n<p><em><strong>Bienfaits :<\/strong><br>Sans esprit de comp\u00e9tition et accessible \u00e0 tous, le v\u00e9lo est une activit\u00e9 aux nombreux bienfaits : plaisir, partage, \u00e9vasion, sant\u00e9.<\/em><br><em><strong>Am\u00e9lioration de la condition physique<\/strong><br>Pratiquer r\u00e9guli\u00e8rement le v\u00e9lo permet d\u2019am\u00e9liorer sa condition physique g\u00e9n\u00e9rale. En effet, p\u00e9daler sollicite principalement les muscles des jambes, mais \u00e9galement ceux du tronc et des bras pour maintenir l\u2019\u00e9quilibre sur le v\u00e9lo. Ainsi, cette activit\u00e9 contribue au renforcement musculaire global.<br><strong>Renforcement du syst\u00e8me cardiovasculaire<\/strong><br>Le v\u00e9lo \u00e9tant une activit\u00e9 d\u2019endurance, il favorise le bon fonctionnement du c\u0153ur en augmentant sa capacit\u00e9 \u00e0 pomper le sang dans tout l\u2019organisme. Une meilleure circulation sanguine permet ainsi d\u2019\u00e9viter certaines maladies cardiovasculaires comme l\u2019hypertension art\u00e9rielle ou encore les probl\u00e8mes coronariens.<br><strong>R\u00e9duction du stress et am\u00e9lioration de la qualit\u00e9 du sommeil<\/strong><br>Le contact avec la nature lors des balades en v\u00e9lo procure un sentiment de bien-\u00eatre g\u00e9n\u00e9ral qui aide \u00e0 r\u00e9duire le stress quotidien. De plus, pratiquer une activit\u00e9 physique r\u00e9guli\u00e8re favorise un meilleur sommeil.<br><strong>Pr\u00e9vention contre certaines maladies chroniques<\/strong><br>La pratique r\u00e9guli\u00e8re du v\u00e9lo contribue \u00e0 la pr\u00e9vention de certaines maladies chroniques telles que le diab\u00e8te de type 2. En effet, une activit\u00e9 physique r\u00e9guli\u00e8re permet de mieux r\u00e9guler le taux de sucre dans le sang, d\u2019\u00e9liminer les graisses en exc\u00e8s et d\u2019augmenter la capacit\u00e9 respiratoire.<br><strong>Une alimentation \u00e9quilibr\u00e9e<\/strong><br>Les sorties v\u00e9los n\u00e9cessitent une bonne  alimentation pour fournir au corps l\u2019\u00e9nergie n\u00e9cessaire lors des  sorties \u00e0 v\u00e9lo.<br><br>En dernier lieu, le v\u00e9lo est un excellent moyen pour adopter un mode de vie plus sain et \u00e9quilibr\u00e9 tout en profitant des bienfaits sur la sant\u00e9 qu\u2019il procure. Alors n\u2019h\u00e9sitez pas \u00e0 enfourcher votre v\u00e9lo pour partir \u00e0 la d\u00e9couverte de notre belle r\u00e9gion en toute convivialit\u00e9 avec le CRSS<\/em>.<\/p>\n\n\n\n<p><\/p>\n\n\n\n<p class=\"has-text-align-right\"><\/p>\n\n\n\n<p class=\"has-text-align-right has-luminous-vivid-orange-color has-text-color has-link-color wp-elements-1659e6cd85036fcf720a2d3e0a62966c\"><strong>R\u00e9f\u00e9rent : Didier Martineau<br>07 82 63 03 70 <\/strong><\/p>\n\n\n\n<p><\/p>\n<\/div><\/div>\n\n\n<div class=\"wp-block-image\">\n<figure class=\"alignright size-large is-resized\"><a href=\"https:\/\/www.retraitesportivesaves.fr\/index.php\/page-d-exemple\/\"><img loading=\"lazy\" decoding=\"async\" width=\"480\" height=\"240\" src=\"https:\/\/www.retraitesportivesaves.fr\/wp-content\/uploads\/2020\/03\/page-precedente-orange_lmresized_1.png\" alt=\"\" class=\"wp-image-26691\" style=\"width:124px;height:62px\" srcset=\"https:\/\/www.retraitesportivesaves.fr\/wp-content\/uploads\/2020\/03\/page-precedente-orange_lmresized_1.png 480w, https:\/\/www.retraitesportivesaves.fr\/wp-content\/uploads\/2020\/03\/page-precedente-orange_lmresized_1-300x150.png 300w\" sizes=\"(max-width: 480px) 100vw, 480px\" \/><\/a><\/figure><\/div>","protected":false},"excerpt":{"rendered":"<p>Le vendredi de pr\u00e9f\u00e9rence, pas obligatoirement toutes les semaines. Le rendez-vous se fera au lac de Samatan m\u00eame si la sortie est d\u00e9localis\u00e9e. Un mail sera syst\u00e9matiquement adress\u00e9 aux inscrits \u00e0 l&rsquo;activit\u00e9 avant la sortie pour pr\u00e9venir des caract\u00e9ristiques (jour, heure de d\u00e9part,&nbsp;distance en km, d\u00e9nivel\u00e9, lieu de d\u00e9part). Tous les types de v\u00e9lo sont &hellip;<\/p>\n<p class=\"read-more\"> <a class=\"\" href=\"https:\/\/www.retraitesportivesaves.fr\/index.php\/velo\/\"> <span class=\"screen-reader-text\">Activit\u00e9s cyclistes<\/span> Lire la suite\u00a0\u00bb<\/a><\/p>\n","protected":false},"author":1,"featured_media":0,"parent":0,"menu_order":0,"comment_status":"closed","ping_status":"closed","template":"","meta":{"_monsterinsights_skip_tracking":false,"_monsterinsights_sitenote_active":false,"_monsterinsights_sitenote_note":"","_monsterinsights_sitenote_category":0,"footnotes":""},"uagb_featured_image_src":{"full":false,"thumbnail":false,"medium":false,"medium_large":false,"large":false,"1536x1536":false,"2048x2048":false},"uagb_author_info":{"display_name":"admin9078","author_link":"https:\/\/www.retraitesportivesaves.fr\/index.php\/author\/admin9078\/"},"uagb_comment_info":0,"uagb_excerpt":"Le vendredi de pr\u00e9f\u00e9rence, pas obligatoirement toutes les semaines. Le rendez-vous se fera au lac de Samatan m\u00eame si la sortie est d\u00e9localis\u00e9e. Un mail sera syst\u00e9matiquement adress\u00e9 aux inscrits \u00e0 l&rsquo;activit\u00e9 avant la sortie pour pr\u00e9venir des caract\u00e9ristiques (jour, heure de d\u00e9part,&nbsp;distance en km, d\u00e9nivel\u00e9, lieu de d\u00e9part). Tous les types de v\u00e9lo sont\u2026","_links":{"self":[{"href":"https:\/\/www.retraitesportivesaves.fr\/index.php\/wp-json\/wp\/v2\/pages\/30561"}],"collection":[{"href":"https:\/\/www.retraitesportivesaves.fr\/index.php\/wp-json\/wp\/v2\/pages"}],"about":[{"href":"https:\/\/www.retraitesportivesaves.fr\/index.php\/wp-json\/wp\/v2\/types\/page"}],"author":[{"embeddable":true,"href":"https:\/\/www.retraitesportivesaves.fr\/index.php\/wp-json\/wp\/v2\/users\/1"}],"replies":[{"embeddable":true,"href":"https:\/\/www.retraitesportivesaves.fr\/index.php\/wp-json\/wp\/v2\/comments?post=30561"}],"version-history":[{"count":15,"href":"https:\/\/www.retraitesportivesaves.fr\/index.php\/wp-json\/wp\/v2\/pages\/30561\/revisions"}],"predecessor-version":[{"id":32827,"href":"https:\/\/www.retraitesportivesaves.fr\/index.php\/wp-json\/wp\/v2\/pages\/30561\/revisions\/32827"}],"wp:attachment":[{"href":"https:\/\/www.retraitesportivesaves.fr\/index.php\/wp-json\/wp\/v2\/media?parent=30561"}],"curies":[{"name":"wp","href":"https:\/\/api.w.org\/{rel}","templated":true}]}}

Activités cyclistes

<div class="wp-block-group"><div class="wp-block-group__inner-container is-layout-flow wp-block-group-is-layout-flow">
<p></p>



<p class="has-vivid-cyan-blue-color has-text-color has-link-color wp-elements-33abfe176c4b2119dcd81e72f7ea8696"><strong>Le vendredi</strong> de préférence, pas obligatoirement toutes les semaines.</p>



<p class="has-vivid-cyan-blue-color has-text-color"><strong>Le rendez-vous se fera au lac de Samatan</strong> même si la sortie est délocalisée. <br>Un mail sera systématiquement adressé aux inscrits à l&rsquo;activité  avant la sortie pour prévenir des caractéristiques (jour, heure de départ,&nbsp;distance en km, dénivelé, lieu de départ).</p>



<p>Tous les types de vélo sont acceptés pourvu qu&rsquo;ils soient en état et avec les équipements obligatoires.<br>Nos sorties seront progressives au niveau des difficultés et votre assiduité permettra de progresser tout au long de la saison.<br>Nos sorties se déroulent sur des petites routes en empruntant quelquefois de bons chemins.<br>Lors de la saison dernière, une moyenne 30 km sur les 27 sorties, certaines sorties seront prévues avec un pique-nique partagé.<br><br>Pour les nouveaux inscrits, ce <a href="https://forms.gle/etXCN2ne71bAd8bz5" target="_blank" rel="noreferrer noopener">questionnaire</a> doit être complété. Une séance de formation est obligatoire avant de pouvoir faire une sortie avec le club. Pour cette saison, 2 bénévoles, une animatrice et un animateur FFRS vous encadreront.</p>



<p><em><strong>Bienfaits :</strong><br>Sans esprit de compétition et accessible à tous, le vélo est une activité aux nombreux bienfaits : plaisir, partage, évasion, santé.</em><br><em><strong>Amélioration de la condition physique</strong><br>Pratiquer régulièrement le vélo permet d’améliorer sa condition physique générale. En effet, pédaler sollicite principalement les muscles des jambes, mais également ceux du tronc et des bras pour maintenir l’équilibre sur le vélo. Ainsi, cette activité contribue au renforcement musculaire global.<br><strong>Renforcement du système cardiovasculaire</strong><br>Le vélo étant une activité d’endurance, il favorise le bon fonctionnement du cœur en augmentant sa capacité à pomper le sang dans tout l’organisme. Une meilleure circulation sanguine permet ainsi d’éviter certaines maladies cardiovasculaires comme l’hypertension artérielle ou encore les problèmes coronariens.<br><strong>Réduction du stress et amélioration de la qualité du sommeil</strong><br>Le contact avec la nature lors des balades en vélo procure un sentiment de bien-être général qui aide à réduire le stress quotidien. De plus, pratiquer une activité physique régulière favorise un meilleur sommeil.<br><strong>Prévention contre certaines maladies chroniques</strong><br>La pratique régulière du vélo contribue à la prévention de certaines maladies chroniques telles que le diabète de type 2. En effet, une activité physique régulière permet de mieux réguler le taux de sucre dans le sang, d’éliminer les graisses en excès et d’augmenter la capacité respiratoire.<br><strong>Une alimentation équilibrée</strong><br>Les sorties vélos nécessitent une bonne  alimentation pour fournir au corps l’énergie nécessaire lors des  sorties à vélo.<br><br>En dernier lieu, le vélo est un excellent moyen pour adopter un mode de vie plus sain et équilibré tout en profitant des bienfaits sur la santé qu’il procure. Alors n’hésitez pas à enfourcher votre vélo pour partir à la découverte de notre belle région en toute convivialité avec le CRSS</em>.</p>



<p></p>



<p class="has-text-align-right"></p>



<p class="has-text-align-right has-luminous-vivid-orange-color has-text-color has-link-color wp-elements-1659e6cd85036fcf720a2d3e0a62966c"><strong>Référent : Didier Martineau<br>07 82 63 03 70 </strong></p>



<p></p>
</div></div>


<div class="wp-block-image">
<figure class="alignright size-large is-resized"><a href="https://www.retraitesportivesaves.fr/index.php/page-d-exemple/"><img loading="lazy" decoding="async" width="480" height="240" src="https://www.retraitesportivesaves.fr/wp-content/uploads/2020/03/page-precedente-orange_lmresized_1.png" alt="" class="wp-image-26691" style="width:124px;height:62px" srcset="https://www.retraitesportivesaves.fr/wp-content/uploads/2020/03/page-precedente-orange_lmresized_1.png 480w, https://www.retraitesportivesaves.fr/wp-content/uploads/2020/03/page-precedente-orange_lmresized_1-300x150.png 300w" sizes="(max-width: 480px) 100vw, 480px" /></a></figure></div>

<p>Le vendredi de préférence, pas obligatoirement toutes les semaines. Le rendez-vous se fera au lac de Samatan même si la sortie est délocalisée. Un mail sera systématiquement adressé aux inscrits à l&rsquo;activité avant la sortie pour prévenir des caractéristiques (jour, heure de départ,&nbsp;distance en km, dénivelé, lieu de départ). Tous les types de vélo sont &hellip;</p>
<p class="read-more"> <a class="" href="https://www.retraitesportivesaves.fr/index.php/velo/"> <span class="screen-reader-text">Activités cyclistes</span> Lire la suite »</a></p>

Le vendredi de préférence, pas obligatoirement toutes les semaines. Le rendez-vous se fera au lac de Samatan même si la sortie est délocalisée. Un mail sera systématiquement adressé aux inscrits à l&rsquo;activité avant la sortie pour prévenir des caractéristiques (jour, heure de départ,&nbsp;distance en km, dénivelé, lieu de départ). Tous les types de vélo sont…
