{"id":32222,"date":"2025-01-11T14:27:37","date_gmt":"2025-01-11T13:27:37","guid":{"rendered":"https:\/\/www.retraitesportivesaves.fr\/?page_id=32222"},"modified":"2025-06-12T20:44:46","modified_gmt":"2025-06-12T18:44:46","slug":"activmemoire","status":"publish","type":"page","link":"https:\/\/www.retraitesportivesaves.fr\/index.php\/activmemoire\/","title":{"rendered":"Activ&rsquo;m\u00e9moire"},"content":{"rendered":"\n<p class=\"has-vivid-cyan-blue-color has-text-color has-link-color wp-elements-0cceeeb833b6aad23768050751063684\"><strong>Le lundi <\/strong>de <strong>14h \u00e0 15h&nbsp;<\/strong>\u00e0 la Salle des f\u00eates de Samatan<\/p>\n\n\n\n<p>Nombre de participants limit\u00e9 \u00e0 16.<\/p>\n\n\n\n<p>Ces s\u00e9ances sont encadr\u00e9es par une animatrice f\u00e9d\u00e9rale b\u00e9n\u00e9vole samatanaise&nbsp;form\u00e9e par la FFRS.<br><br><strong>Activ&rsquo;m\u00e9moire : les activit\u00e9s physiques et sportives au service de la m\u00e9moire<\/strong>. Cette activit\u00e9 permet de booster l&rsquo;ensemble des fonctions cognitives (m\u00e9moire, concentration, planification, attention) par des jeux, et de travailler les fonctions motrices (\u00e9quilibre, coordination, rep\u00e8res spatio-temporels) par des exercices physiques, de fa\u00e7on individuelle et collective ; le tout, dans la joie et la bonne humeur !<\/p>\n\n\n\n<p><em><strong>Bienfaits :<\/strong>&nbsp; Cette activit\u00e9 ludique a \u00e9t\u00e9 mise en place par la FFRS et est donc parfaitement adapt\u00e9e aux seniors. Combinant \u00e0 la fois une composante physique, une composante cognitive et, une interaction sociale, elle retardera les effets du vieillissement. et maintiendra vos neurones dans un \u00e9tat d&rsquo;activit\u00e9 optimale. Activit\u00e9 compl\u00e8te et innovante, <em>o\u00f9 se conjuguent plaisir, entraide, tol\u00e9rance et empathie, <\/em>qui permettra d&rsquo;entretenir la t\u00eate et les jambes !<\/em><\/p>\n\n\n\n<p class=\"has-text-align-right has-luminous-vivid-orange-color has-text-color has-link-color wp-elements-6a7a331c28514107e7f533c1d61452e3\"><strong>R\u00e9f\u00e9rent : <\/strong>Mireille T. 06 85 37 56 80<\/p>\n\n\n<div class=\"wp-block-image\">\n<figure class=\"alignright is-resized\"><a href=\"https:\/\/www.retraitesportivesaves.fr\/index.php\/page-d-exemple\/\"><img loading=\"lazy\" decoding=\"async\" width=\"300\" height=\"150\" src=\"https:\/\/www.retraitesportivesaves.fr\/wp-content\/uploads\/2020\/03\/page-precedente-orange_lmresized_1-300x150.png\" alt=\"\" class=\"wp-image-26691\" style=\"width:106px;height:auto\" srcset=\"https:\/\/www.retraitesportivesaves.fr\/wp-content\/uploads\/2020\/03\/page-precedente-orange_lmresized_1-300x150.png 300w, https:\/\/www.retraitesportivesaves.fr\/wp-content\/uploads\/2020\/03\/page-precedente-orange_lmresized_1.png 480w\" sizes=\"(max-width: 300px) 100vw, 300px\" \/><\/a><\/figure><\/div>","protected":false},"excerpt":{"rendered":"<p>Le lundi de 14h \u00e0 15h&nbsp;\u00e0 la Salle des f\u00eates de Samatan Nombre de participants limit\u00e9 \u00e0 16. Ces s\u00e9ances sont encadr\u00e9es par une animatrice f\u00e9d\u00e9rale b\u00e9n\u00e9vole samatanaise&nbsp;form\u00e9e par la FFRS. Activ&rsquo;m\u00e9moire : les activit\u00e9s physiques et sportives au service de la m\u00e9moire. Cette activit\u00e9 permet de booster l&rsquo;ensemble des fonctions cognitives (m\u00e9moire, concentration, planification, &hellip;<\/p>\n<p class=\"read-more\"> <a class=\"\" href=\"https:\/\/www.retraitesportivesaves.fr\/index.php\/activmemoire\/\"> <span class=\"screen-reader-text\">Activ&rsquo;m\u00e9moire<\/span> Lire la suite\u00a0\u00bb<\/a><\/p>\n","protected":false},"author":1,"featured_media":0,"parent":0,"menu_order":0,"comment_status":"closed","ping_status":"closed","template":"","meta":{"_monsterinsights_skip_tracking":false,"_monsterinsights_sitenote_active":false,"_monsterinsights_sitenote_note":"","_monsterinsights_sitenote_category":0,"footnotes":""},"uagb_featured_image_src":{"full":false,"thumbnail":false,"medium":false,"medium_large":false,"large":false,"1536x1536":false,"2048x2048":false},"uagb_author_info":{"display_name":"admin9078","author_link":"https:\/\/www.retraitesportivesaves.fr\/index.php\/author\/admin9078\/"},"uagb_comment_info":0,"uagb_excerpt":"Le lundi de 14h \u00e0 15h&nbsp;\u00e0 la Salle des f\u00eates de Samatan Nombre de participants limit\u00e9 \u00e0 16. Ces s\u00e9ances sont encadr\u00e9es par une animatrice f\u00e9d\u00e9rale b\u00e9n\u00e9vole samatanaise&nbsp;form\u00e9e par la FFRS. Activ&rsquo;m\u00e9moire : les activit\u00e9s physiques et sportives au service de la m\u00e9moire. Cette activit\u00e9 permet de booster l&rsquo;ensemble des fonctions cognitives (m\u00e9moire, concentration, planification,\u2026","_links":{"self":[{"href":"https:\/\/www.retraitesportivesaves.fr\/index.php\/wp-json\/wp\/v2\/pages\/32222"}],"collection":[{"href":"https:\/\/www.retraitesportivesaves.fr\/index.php\/wp-json\/wp\/v2\/pages"}],"about":[{"href":"https:\/\/www.retraitesportivesaves.fr\/index.php\/wp-json\/wp\/v2\/types\/page"}],"author":[{"embeddable":true,"href":"https:\/\/www.retraitesportivesaves.fr\/index.php\/wp-json\/wp\/v2\/users\/1"}],"replies":[{"embeddable":true,"href":"https:\/\/www.retraitesportivesaves.fr\/index.php\/wp-json\/wp\/v2\/comments?post=32222"}],"version-history":[{"count":7,"href":"https:\/\/www.retraitesportivesaves.fr\/index.php\/wp-json\/wp\/v2\/pages\/32222\/revisions"}],"predecessor-version":[{"id":32643,"href":"https:\/\/www.retraitesportivesaves.fr\/index.php\/wp-json\/wp\/v2\/pages\/32222\/revisions\/32643"}],"wp:attachment":[{"href":"https:\/\/www.retraitesportivesaves.fr\/index.php\/wp-json\/wp\/v2\/media?parent=32222"}],"curies":[{"name":"wp","href":"https:\/\/api.w.org\/{rel}","templated":true}]}}

Activ&rsquo;mémoire

<p class="has-vivid-cyan-blue-color has-text-color has-link-color wp-elements-0cceeeb833b6aad23768050751063684"><strong>Le lundi </strong>de <strong>14h à 15h&nbsp;</strong>à la Salle des fêtes de Samatan</p>



<p>Nombre de participants limité à 16.</p>



<p>Ces séances sont encadrées par une animatrice fédérale bénévole samatanaise&nbsp;formée par la FFRS.<br><br><strong>Activ&rsquo;mémoire : les activités physiques et sportives au service de la mémoire</strong>. Cette activité permet de booster l&rsquo;ensemble des fonctions cognitives (mémoire, concentration, planification, attention) par des jeux, et de travailler les fonctions motrices (équilibre, coordination, repères spatio-temporels) par des exercices physiques, de façon individuelle et collective ; le tout, dans la joie et la bonne humeur !</p>



<p><em><strong>Bienfaits :</strong>&nbsp; Cette activité ludique a été mise en place par la FFRS et est donc parfaitement adaptée aux seniors. Combinant à la fois une composante physique, une composante cognitive et, une interaction sociale, elle retardera les effets du vieillissement. et maintiendra vos neurones dans un état d&rsquo;activité optimale. Activité complète et innovante, <em>où se conjuguent plaisir, entraide, tolérance et empathie, </em>qui permettra d&rsquo;entretenir la tête et les jambes !</em></p>



<p class="has-text-align-right has-luminous-vivid-orange-color has-text-color has-link-color wp-elements-6a7a331c28514107e7f533c1d61452e3"><strong>Référent : </strong>Mireille T. 06 85 37 56 80</p>


<div class="wp-block-image">
<figure class="alignright is-resized"><a href="https://www.retraitesportivesaves.fr/index.php/page-d-exemple/"><img loading="lazy" decoding="async" width="300" height="150" src="https://www.retraitesportivesaves.fr/wp-content/uploads/2020/03/page-precedente-orange_lmresized_1-300x150.png" alt="" class="wp-image-26691" style="width:106px;height:auto" srcset="https://www.retraitesportivesaves.fr/wp-content/uploads/2020/03/page-precedente-orange_lmresized_1-300x150.png 300w, https://www.retraitesportivesaves.fr/wp-content/uploads/2020/03/page-precedente-orange_lmresized_1.png 480w" sizes="(max-width: 300px) 100vw, 300px" /></a></figure></div>

<p>Le lundi de 14h à 15h&nbsp;à la Salle des fêtes de Samatan Nombre de participants limité à 16. Ces séances sont encadrées par une animatrice fédérale bénévole samatanaise&nbsp;formée par la FFRS. Activ&rsquo;mémoire : les activités physiques et sportives au service de la mémoire. Cette activité permet de booster l&rsquo;ensemble des fonctions cognitives (mémoire, concentration, planification, &hellip;</p>
<p class="read-more"> <a class="" href="https://www.retraitesportivesaves.fr/index.php/activmemoire/"> <span class="screen-reader-text">Activ&rsquo;mémoire</span> Lire la suite »</a></p>

Le lundi de 14h à 15h&nbsp;à la Salle des fêtes de Samatan Nombre de participants limité à 16. Ces séances sont encadrées par une animatrice fédérale bénévole samatanaise&nbsp;formée par la FFRS. Activ&rsquo;mémoire : les activités physiques et sportives au service de la mémoire. Cette activité permet de booster l&rsquo;ensemble des fonctions cognitives (mémoire, concentration, planification,…
