{"id":32851,"date":"2025-07-12T21:44:15","date_gmt":"2025-07-12T19:44:15","guid":{"rendered":"https:\/\/www.retraitesportivesaves.fr\/?page_id=32851"},"modified":"2026-02-10T14:51:04","modified_gmt":"2026-02-10T13:51:04","slug":"danses-traditionnelles","status":"publish","type":"page","link":"https:\/\/www.retraitesportivesaves.fr\/index.php\/danses-traditionnelles\/","title":{"rendered":"Danses traditionnelles"},"content":{"rendered":"\n<p class=\"has-vivid-cyan-blue-color has-text-color has-link-color wp-elements-adce2a4455b0de2218d522f968a81815\"><strong>Le\u00a0jeudi de 17h15\u00a0\u00e0 18h30<\/strong>  \u00e0 la salle des f\u00eates de Samatan*.<\/p>\n\n\n<div class=\"wp-block-image\">\n<figure class=\"alignleft size-full is-resized\"><img loading=\"lazy\" decoding=\"async\" width=\"209\" height=\"255\" src=\"https:\/\/www.retraitesportivesaves.fr\/wp-content\/uploads\/2025\/07\/image.jpeg\" alt=\"\" class=\"wp-image-32852\" style=\"width:163px;height:auto\"\/><\/figure><\/div>\n\n\n<p>Vecteur de culture et d\u2019identit\u00e9, la danse traditionnelle se pratique la plupart du temps en forme collective, \u00e0 plusieurs ou en duos, en rond, en cercle, etc. Vous d\u00e9couvrirez des danses r\u00e9gionales de France, du monde et bien s\u00fbr occitanes, qui vous feront appr\u00e9cier la diversit\u00e9 et la richesse de notre patrimoine et de nos expressions culturelles. L&rsquo;ambiance et le plaisir y sont omnipr\u00e9sents du fait que tout le monde se c\u00f4toie avec changements de partenaires.&nbsp;<\/p>\n\n\n\n<p>Ces apr\u00e8s-midis sont anim\u00e9s par des animateurs b\u00e9n\u00e9voles samatanais form\u00e9s par la FFRS.<\/p>\n\n\n\n<p class=\"has-text-align-right has-luminous-vivid-orange-color has-text-color has-link-color wp-elements-381938da28f4e2ca597c749a6159bc84\"><strong>R\u00e9f\u00e9rent : Marie-Jo<\/strong> <strong>06 07 34 87 25<\/strong><\/p>\n\n\n\n<p><em><strong>Bienfaits :<\/strong><br>La danse, surtout celle pratiqu\u00e9e en groupe, est une activit\u00e9 physique qui&nbsp;permet la coop\u00e9ration et le rapprochement social, entre autres, par la lib\u00e9ration de plusieurs hormones b\u00e9n\u00e9fiques \u00e0 notre&nbsp;sant\u00e9 physique, mentale et sociale. C\u2019est d\u2019abord un plaisir, elle r\u00e9gule l\u2019anxi\u00e9t\u00e9, favorise la motivation et la d\u00e9cision, contribue \u00e0 la d\u00e9tente du corps, diminue le stress\u2026.<\/em> <\/p>\n\n\n<div class=\"wp-block-image\">\n<figure class=\"alignright is-resized\"><a href=\"https:\/\/www.retraitesportivesaves.fr\/index.php\/page-d-exemple\/\"><img loading=\"lazy\" decoding=\"async\" width=\"300\" height=\"150\" src=\"https:\/\/www.retraitesportivesaves.fr\/wp-content\/uploads\/2020\/03\/page-precedente-orange_lmresized_1-300x150.png\" alt=\"\" class=\"wp-image-26691\" style=\"width:110px;height:auto\" srcset=\"https:\/\/www.retraitesportivesaves.fr\/wp-content\/uploads\/2020\/03\/page-precedente-orange_lmresized_1-300x150.png 300w, https:\/\/www.retraitesportivesaves.fr\/wp-content\/uploads\/2020\/03\/page-precedente-orange_lmresized_1.png 480w\" sizes=\"(max-width: 300px) 100vw, 300px\" \/><\/a><\/figure><\/div>\n\n\n<p><\/p>\n\n\n\n<p><\/p>\n\n\n\n<p><\/p>\n\n\n\n<p><\/p>\n","protected":false},"excerpt":{"rendered":"<p>Le\u00a0jeudi de 17h15\u00a0\u00e0 18h30 \u00e0 la salle des f\u00eates de Samatan*. Vecteur de culture et d\u2019identit\u00e9, la danse traditionnelle se pratique la plupart du temps en forme collective, \u00e0 plusieurs ou en duos, en rond, en cercle, etc. Vous d\u00e9couvrirez des danses r\u00e9gionales de France, du monde et bien s\u00fbr occitanes, qui vous feront appr\u00e9cier &hellip;<\/p>\n<p class=\"read-more\"> <a class=\"\" href=\"https:\/\/www.retraitesportivesaves.fr\/index.php\/danses-traditionnelles\/\"> <span class=\"screen-reader-text\">Danses traditionnelles<\/span> Lire la suite\u00a0\u00bb<\/a><\/p>\n","protected":false},"author":1,"featured_media":0,"parent":0,"menu_order":0,"comment_status":"closed","ping_status":"closed","template":"","meta":{"_monsterinsights_skip_tracking":false,"_monsterinsights_sitenote_active":false,"_monsterinsights_sitenote_note":"","_monsterinsights_sitenote_category":0,"footnotes":""},"uagb_featured_image_src":{"full":false,"thumbnail":false,"medium":false,"medium_large":false,"large":false,"1536x1536":false,"2048x2048":false},"uagb_author_info":{"display_name":"admin9078","author_link":"https:\/\/www.retraitesportivesaves.fr\/index.php\/author\/admin9078\/"},"uagb_comment_info":0,"uagb_excerpt":"Le\u00a0jeudi de 17h15\u00a0\u00e0 18h30 \u00e0 la salle des f\u00eates de Samatan*. Vecteur de culture et d\u2019identit\u00e9, la danse traditionnelle se pratique la plupart du temps en forme collective, \u00e0 plusieurs ou en duos, en rond, en cercle, etc. Vous d\u00e9couvrirez des danses r\u00e9gionales de France, du monde et bien s\u00fbr occitanes, qui vous feront appr\u00e9cier\u2026","_links":{"self":[{"href":"https:\/\/www.retraitesportivesaves.fr\/index.php\/wp-json\/wp\/v2\/pages\/32851"}],"collection":[{"href":"https:\/\/www.retraitesportivesaves.fr\/index.php\/wp-json\/wp\/v2\/pages"}],"about":[{"href":"https:\/\/www.retraitesportivesaves.fr\/index.php\/wp-json\/wp\/v2\/types\/page"}],"author":[{"embeddable":true,"href":"https:\/\/www.retraitesportivesaves.fr\/index.php\/wp-json\/wp\/v2\/users\/1"}],"replies":[{"embeddable":true,"href":"https:\/\/www.retraitesportivesaves.fr\/index.php\/wp-json\/wp\/v2\/comments?post=32851"}],"version-history":[{"count":6,"href":"https:\/\/www.retraitesportivesaves.fr\/index.php\/wp-json\/wp\/v2\/pages\/32851\/revisions"}],"predecessor-version":[{"id":33392,"href":"https:\/\/www.retraitesportivesaves.fr\/index.php\/wp-json\/wp\/v2\/pages\/32851\/revisions\/33392"}],"wp:attachment":[{"href":"https:\/\/www.retraitesportivesaves.fr\/index.php\/wp-json\/wp\/v2\/media?parent=32851"}],"curies":[{"name":"wp","href":"https:\/\/api.w.org\/{rel}","templated":true}]}}